e
Is 2568464 a multiple of 5?
False
Is 14 a factor of 1562750?
True
Is 15028906 a multiple of 1315?
False
Does 51 divide 178464?
False
Does 219 divide 205999?
False
Is 17 a factor of 1352849?
False
Is 260 a multiple of 130?
True
Is 87 a factor of 1076190?
True
Is 128 a factor of 187520?
True
Is 28 a factor of 120316?
True
Is 1203334 a multiple of 1318?
True
Is 589318 a multiple of 65?
False
Does 7 divide 265922?
False
Is 223266 a multiple of 81?
False
Does 15 divide 165135?
True
Is 55 a factor of 110612?
False
Is 20 a factor of 1729472?
False
Is 868 a factor of 401884?
True
Is 18516 a multiple of 3?
True
Is 7725 a multiple of 515?
True
Is 3510136 a multiple of 133?
True
Does 80 divide 106320?
True
Does 30 divide 1832969?
False
Is 2 a factor of 6094?
True
Is 2284872 a multiple of 24?
True
Does 31 divide 1626787?
True
Is 265 a factor of 22717?
False
Is 149 a factor of 744553?
True
Does 9 divide 542664?
True
Does 44 divide 5361?
False
Is 367460 a multiple of 138?
False
Is 605 a factor of 7941230?
True
Does 16 divide 66000?
True
Does 9 divide 10887948?
True
Is 2094671 a multiple of 22?
False
Is 8 a factor of 3804912?
True
Is 10388 a multiple of 12?
False
Does 43 divide 1417015?
False
Is 19 a factor of 1648883?
False
Does 13 divide 169869?
False
Does 30 divide 129560?
False
Is 113377 a multiple of 43?
False
Is 198 a factor of 226353?
False
Does 110 divide 217360?
True
Does 43 divide 350235?
True
Is 2421458 a multiple of 2?
True
Is 151300 even?
True
Does 44 divide 136620?
True
Is 49 a factor of 189418?
False
Is 1381234 a multiple of 137?
True
Does 269 divide 443043?
True
Is 40257 a multiple of 213?
True
Is 23 a factor of 3728116?
True
Is 83470 a multiple of 85?
True
Is 160721 a multiple of 55?
False
Is 366 a factor of 62168?
False
Is 960219 a multiple of 87?
True
Does 7 divide 2104557?
True
Is 1209817 a multiple of 431?
True
Does 2 divide 9392?
True
Is 13 a factor of 163540?
True
Is 7654 a multiple of 178?
True
Is 205734 a multiple of 17?
True
Does 12 divide 13630?
False
Is 19345 a multiple of 73?
True
Is 7244 even?
True
Is 3057112 a multiple of 42?
False
Does 124 divide 1076841?
False
Is 113 a factor of 870892?
False
Does 13 divide 3216147?
False
Is 94933 a multiple of 6?
False
Does 9 divide 374124?
False
Is 692346 a multiple of 138?
True
Is 32 a factor of 68492?
False
Is 465960 a multiple of 33?
True
Is 126978 a multiple of 101?
False
Is 154440 a multiple of 10?
True
Is 13 a factor of 6389409?
True
Is 2099548 a multiple of 271?
False
Is 538338 a multiple of 272?
False
Is 4458729 a multiple of 71?
True
Is 1894 a factor of 7325992?
True
Is 14 a factor of 290461?
False
Does 4 divide 1439719?
False
Is 381424 a multiple of 124?
True
Is 141243 a multiple of 5?
False
Is 3361 a multiple of 6?
False
Is 354 a factor of 4519800?
False
Is 21 a factor of 170835?
True
Is 47 a factor of 10693?
False
Is 98 a factor of 719124?
True
Is 946 a factor of 2014034?
True
Does 10 divide 1649696?
False
Does 214 divide 336194?
True
Is 103 a factor of 263062?
True
Is 452 a factor of 506847?
False
Does 264 divide 11702944?
False
Is 188 a factor of 4252560?
True
Is 3753508 a multiple of 46?
True
Does 52 divide 1405664?
True
Is 271733 a multiple of 2?
False
Is 22341814 a multiple of 1177?
True
Is 394 a factor of 3437617?
False
Does 26 divide 94184?
False
Is 27 a factor of 193541?
False
Is 3 a factor of 1628167?
False
Is 456171 a multiple of 53?
True
Does 77 divide 7461762?
True
Is 403274 a multiple of 34?
True
Is 1213192 a multiple of 913?
False
Is 454 a factor of 4191193?
False
Does 7 divide 2057770?
False
Does 5 divide 43315?
True
Does 109 divide 10327314?
True
Is 2597 a factor of 2745029?
True
Does 64 divide 4007373?
False
Does 11 divide 136433?
True
Does 1131 divide 14886764?
False
Is 135 a factor of 2957310?
True
Is 2 a factor of 28106?
True
Is 253 a factor of 1193401?
True
Does 65 divide 545685?
False
Is 55 a factor of 1885345?
True
Is 3 a factor of 7905?
True
Is 1977144 a multiple of 4?
True
Does 875 divide 349846?
False
Does 704 divide 3256319?
False
Is 2156643 a multiple of 46?
False
Does 8 divide 2128109?
False
Is 528216 a multiple of 4?
True
Does 548 divide 12773880?
True
Is 224740 a multiple of 136?
False
Is 194474 a multiple of 29?
True
Is 187 a factor of 2087437?
False
Is 29 a factor of 24618680?
True
Does 81 divide 11632?
False
Is 570882 a multiple of 26?
True
Does 19 divide 2020234?
False
Is 9 a factor of 1594424?
False
Does 10 divide 225917?
False
Is 5011751 a multiple of 29?
True
Does 291 divide 847974?
True
Does 14 divide 8938?
False
Is 428794 a multiple of 218?
False
Is 363264 a multiple of 129?
True
Is 47 a factor of 615654?
False
Is 869166 a multiple of 9?
True
Is 5407020 a multiple of 459?
True
Is 13 a factor of 47364824?
True
Is 3542 a multiple of 46?
True
Is 104 a factor of 6321120?
True
Is 64 a factor of 60352?
True
Is 126326 a multiple of 86?
False
Is 234969 a multiple of 167?
True
Is 3 a factor of 16589?
False
Is 238078 a multiple of 10?
False
Is 1288 a factor of 18073949?
False
Does 1896 divide 5896469?
False
Does 199 divide 1378297?
False
Is 49647 a multiple of 39?
True
Is 7942 a multiple of 237?
False
Is 364552 a multiple of 8?
True
Is 16822929 a multiple of 91?
False
Does 17 divide 4717415?
True
Does 189 divide 8536563?
True
Is 912906 a multiple of 19?
False
Is 153098 a multiple of 125?
False
Is 245 a factor of 598224?
False
Is 87 a factor of 4859?
False
Does 16 divide 9456848?
True
Is 438 a factor of 4371240?
True
Is 3 a factor of 293967?
True
Is 180229 a multiple of 212?
False
Does 92 divide 1518460?
True
Does 28 divide 116822?
False
Is 14 a factor of 166222?
True
Is 18 a factor of 6883524?
True
Is 748794 a multiple of 15?
False
Is 138 a factor of 11528664?
False
Is 1186290 a multiple of 441?
True
Does 50 divide 222169?
False
Is 223088 a multiple of 181?
False
Is 4882867 a multiple of 1159?
True
Does 366 divide 1168907?
False
Is 20 a factor of 7370820?
True
Does 13 divide 511171?
False
Is 114 a factor of 33383?
False
Does 139 divide 22229456?
False
Does 5 divide 154862?
False
Is 7 a factor of 446124?
True
Is 26 a factor of 745836?
True
Is 4166700 a multiple of 15?
True
Is 109725 a multiple of 95?
True
Is 1658040 a multiple of 5?
True
Does 28 divide 700?
True
Is 26 a factor of 92557?
False
Does 191 divide 2623767?
True
Does 9 divide 32675?
False
Is 1680913 a multiple of 12?
False
Is 51456 a multiple of 35?
False
Is 9 a factor of 2508435?
True
Is 6 a factor of 27993?
False
Does 1719 divide 12721116?
False
Does 44 divide 92690?
False
Is 28 a factor of 340401?
False
Is 184 a factor of 28614?
False
Is 522420 a multiple of 30?
True
Is 244426 a multiple of 12?
False
Does 306 divide 4572252?
True
Is 70 a factor of 703010?
True
Does 55 divide 220699?
False
Is 9333846 a multiple of 1143?
False
Is 1439836 a multiple of 48?
False
Is 25 a factor of 428240?
False
Is 49838 a multiple of 4?
False
Is 2 a factor of 93569?
False
Is 653662 a multiple of 99?
False
Is 76943 even?
False
Is 4420570 a multiple of 22?
True
Is 39684 a multiple of 15?
False
Does 24 divide 3869928?
True
Does 10 divide 176640?
True
Is 921140 a multiple of 110?
True
Does 21 divide 2820727?
False
Is 110 a factor of 51151?
False
Is 1408968 a multiple of 11?
True
Does 135 divide 487485?
True
Is 645041 a multiple of 85?
False
Does 17 divide 2124858?
False
Is 268 a factor of 201268?
True
Is 424 a factor of 813506?
False
Is 57 a factor of 4404276?
True
Does 4 divide 2616384?
True
Does 13 divide 4079309?
True
Is 1411807 a multiple of 16?
False
Is 1227443 a multiple of 28?
False
Does 146 divide 231756?
False
Is 84 a factor of 294400?
False
Is 212 a factor of 18867576?
True
Is 11 a factor of 2123?
True
Does 270 divide 398520?
True
Does 12 divide 2974588?
False
Does 61 divide 1598627?
True
Is 6900 a multiple of 15?
True
Does 1119 divide 11235879?
True
Does 151 divide 3182174?
True
Does 165 divide 2606175?
True
Does 161 divide 79534?
True
Does 129 divide 55669?
False
Does 193 divide 33389?
True
Is 7 a factor of 1673146?
False
Is 242038 a multiple of 19?
False
Is 211 a factor of 42622?
True
Does 14 divide 211407?
False
Does 7 divide 646058?
True
Is 16 a factor of 160426?
False
Does 39 divide 192933?
True
Does 45 divide 672885?
True
Is 407 a factor of 345584?
False
Does 25 divide 1742300?
True
Is 16